t are the prime factors of (6/(-3) + 4)*w?
2
Suppose -7*b + 2*b = -10. What are the prime factors of (3 + -2)*b - 0?
2
Let d = 19 - -19. Let f = -11 + d. What are the prime factors of f?
3
Let a = -54 - -97. What are the prime factors of a?
43
Let b = 103 + -79. What are the prime factors of b?
2, 3
Let h be (12/14)/((-1)/(-7)). Suppose -4*i = -9*i + 170. What are the prime factors of i/8 - h/(-8)?
5
Suppose -3*w - 265 + 52 = -2*a, -5*a + 561 = 2*w. List the prime factors of a.
3, 37
Suppose 2*u = -0*u + 138. List the prime factors of u.
3, 23
Suppose -12*q + 8*q + 460 = 0. What are the prime factors of q?
5, 23
Let u(l) = -l + 4. Let i be u(0). Let k = -4 + i. List the prime factors of (1 - k)/((-2)/(-16)).
2
Suppose 0 = 3*o + 2*o. List the prime factors of (o + 5 - 2) + 1.
2
Let j(p) = p**2 + 6*p + 6. Let m(w) = -34*w**3 - w**2 - w. Let s be m(-1). Suppose 10 - s = 4*r. What are the prime factors of j(r)?
2, 3
Let n(m) = -m**3 + 5*m**2 + 5*m. Let o = 14 - 9. Let c be n(o). What are the prime factors of (0 + (-4)/(-10))*c?
2, 5
Let o(p) = -2*p**2 + 8*p + 6. Let b be o(6). Let z = 30 + b. Let a = 23 - z. What are the prime factors of a?
11
What are the prime factors of (4 - 44/12)*18?
2, 3
Suppose 9 = -4*g + 4*s - 3, -2*s = 5*g - 20. Let r be (3/2)/(24/736). Suppose -4*p = -g*q - r, 45 = 5*p - 6*q + q. List the prime factors of p.
2, 7
Let o(q) = -q**3 + q**2 + 4*q - 7. List the prime factors of o(-3).
17
Let u = -1 + 1. Suppose u = 3*f + m - 25, -2*f + 5*f - 19 = 5*m. Let j = f - -5. List the prime factors of j.
13
Let l be (-4 + 2)*10/(-4). Let h = 19 - l. What are the prime factors of h?
2, 7
Let j(f) = -4 + 4 + 4 + 1 + f. What are the prime factors of j(0)?
5
List the prime factors of (-90)/(-25) + (-2)/(-5).
2
Let d(u) = u**3 - 2*u**2. Let c(y) = y**3 + y**2 + y + 3. Let m = 5 + -5. Let b be c(m). List the prime factors of d(b).
3
Suppose 2*v + 18 = v. What are the prime factors of 4/v + (-3688)/(-72)?
3, 17
Suppose -4*c - 3*u + 34 = 0, 3*u - 12 - 15 = -3*c. List the prime factors of c.
7
Suppose -3*j = 0, 0 = 2*m - 0*m + j. List the prime factors of 105/(-7)*(m + -1).
3, 5
Let b(u) = -u + 2. Let j = 0 + 0. What are the prime factors of b(j)?
2
Let l = -10 - -12. Suppose -3*i = -4*i + l. List the prime factors of i.
2
Let w = 13 - 9. Let p = 38 + w. Suppose 5*x = 2*z + p - 6, x - 6 = z. List the prime factors of x.
2
Let o = -7 - -13. List the prime factors of (8/o)/((-5)/(-75)).
2, 5
Suppose 4 = -5*b + 6*b. Suppose -5*f + 162 = b*u, 4*u - 158 = -f - 2*f. List the prime factors of u.
2, 19
Let p(u) = -2*u - 7. Let c be p(-6). Suppose 0 = -c*v + 55. Suppose 3*g - v = -3*m - 2, -3*g = -2*m - 29. What are the prime factors of g?
7
What are the prime factors of (-946)/(-6) + 6/(-9)?
157
Suppose -9*i = -13*i + 428. List the prime factors of i.
107
Suppose 0 = -x + 43 - 9. List the prime factors of x.
2, 17
Let n be (-3)/(1 + (-5)/2). Suppose 6 = n*x, -l - 7*x + 28 = -2*x. What are the prime factors of l?
13
Suppose 2*n = 5*n - 15. Suppose -52 = -n*w + 48. What are the prime factors of w?
2, 5
List the prime factors of (-3)/6 - 559/(-2).
3, 31
Suppose -28 = -6*b - 4. What are the prime factors of b?
2
Let n = -155 + 278. What are the prime factors of n?
3, 41
Let h(t) = t**3 + 2*t**2 + 2. Let o be h(-2). Let m(y) = 7*y + 2. What are the prime factors of m(o)?
2
Let m be 2/(16/6 - 2). List the prime factors of (m/(-2))/((-1)/8).
2, 3
Let z(x) = x + 2. Let a be z(-6). Let t = -2 - a. Suppose t*w + 36 = 4*o, -w = -o - 2*w + 3. List the prime factors of o.
7
Suppose -5*o - 3 - 2 = 0. Let v = 3 - o. Suppose -v*u + 20 = 2*n, 64 = 5*n + u + 2*u. List the prime factors of n.
2, 7
Let q(r) = 3*r**2. Let a(t) = t + 5. Let v be a(-6). Let u be q(v). What are the prime factors of ((-10)/3)/((-2)/u)?
5
Suppose -8*q = -4*q - 24. Let d be 2/6 + 1/(-3). Suppose -4*b + b + q = d. What are the prime factors of b?
2
Let k be (2/4)/((-10)/(-1180)). Let m = k - 32. What are the prime factors of m?
3
Suppose -5*q + 8 + 18 = 3*f, -3*f + 4*q - 10 = 0. Let d(p) = 2*p**2. List the prime factors of d(f).
2
Let d(r) = -12*r + 1 + 0 + 0. Suppose -w - i = 4*i + 11, -1 = 5*w - 2*i. What are the prime factors of d(w)?
13
Let z(x) = x**3 - 6*x**2 + 6*x - 3. Let g be z(5). Let m(c) = -2 + 0*c**2 - 2*c**2 + 4*c**g + c. What are the prime factors of m(-3)?
13
Let o(c) = -3*c**3 - 2*c**2 + 3*c + 4. List the prime factors of o(-3).
2, 29
Let t(a) be the third derivative of a**6/120 + 2*a**5/15 + a**4/24 + 5*a**3/3 + 4*a**2. List the prime factors of t(-8).
2
Suppose -406 = -6*m - m. What are the prime factors of m?
2, 29
Let m = -27 + 89. List the prime factors of m.
2, 31
Suppose -2*c + 10 = 0, 4*z = -4*c + 138 + 90. List the prime factors of z.
2, 13
Suppose -2*o + 22 = 8. Suppose -o*w + 4*w = -24. What are the prime factors of w?
2
Suppose 4*c - 2 = 5*w, -w + c - 4 = -c. Let g(l) = 4*l + 11*l**2 - l**3 + w*l**3 - 4*l**2 + 3. List the prime factors of g(-6).
3, 5
Let x = 14 + 19. List the prime factors of x.
3, 11
Let l(y) = y**2 + 2*y - 45. List the prime factors of l(-17).
2, 3, 5, 7
Let v = 8 - -7. Let s = v + 14. List the prime factors of s.
29
Let t = -22 + 34. Let s = -6 + t. What are the prime factors of s?
2, 3
Let b = -106 - -178. What are the prime factors of b?
2, 3
Let r(v) = v**3 - 5*v**2 - v - 4. Let f be r(5). List the prime factors of (-29)/f + (-6)/27.
3
Let c(b) = 12*b**2 + 2*b + 2. What are the prime factors of c(-2)?
2, 23
Suppose -2*z + z + 11 = 0. List the prime factors of z.
11
Suppose -3*p = -3*g + 78, 7*g - 12*g - 4*p + 175 = 0. List the prime factors of g.
31
Suppose -s - 1 = -f, 2*s - 6*f = -f - 8. Let c(b) = 41*b. Let r be c(s). Suppose -4 = -l + 4*t + 13, 0 = -3*l + 2*t + r. What are the prime factors of l?
13
Let y = 8 + -5. Suppose 6*w - 2*w - 5*m - 57 = 0, -y*m + 10 = w. What are the prime factors of w?
13
Suppose 0 = -5*u - 5*f - 115, -6*f + 3*f = -5*u - 75. Let v(p) = -p**3 - 5*p**2 - 4*p - 1. Let i be v(-4). What are the prime factors of i/4 + u/(-8)?
2
Suppose -4*b - 7*j + 2*j = 0, 0 = 2*b + 3*j + 2. What are the prime factors of b?
5
Let t(i) = 2*i**3 - 3*i**2 - i + 2. Suppose 0*f + f - 4 = 0. Suppose 3*u - 4 = -5*j, 2*j - u - f - 2 = 0. What are the prime factors of t(j)?
2
Let a be 10 + (-3)/9*0. Let r = -2 - -1. Let x = r + a. What are the prime factors of x?
3
Suppose 4781 = 12*f + 1253. What are the prime factors of f?
2, 3, 7
Suppose -4*w - 40 = -8*w. Suppose -w = -2*m + 10. List the prime factors of m.
2, 5
Let p(n) be the second derivative of n**3/3 - 3*n**2 - 2*n. Let i be p(-6). Let g = -7 - i. List the prime factors of g.
11
Suppose f - 6*f + 25 = 0. Suppose 0*w = -w + 4, f*w = -5*r + 200. What are the prime factors of r?
2, 3
Suppose 2*o + 2*p - 2 = 0, -3*o - 3*p = -5*o + 27. What are the prime factors of o?
2, 3
Let d = 26 - 5. What are the prime factors of (-4)/(-8) - d/(-2)?
11
Let q = -5 - -5. Suppose q = -3*t + 1 + 23. Let c = t + -4. What are the prime factors of c?
2
Suppose -t = -0*t - 30. Suppose -4*y - t + 102 = 0. Suppose 4*i = -3*v, -v + 2*i + y = 2*v. List the prime factors of v.
2
Let n(z) = 4*z**2 + 9*z + 10. What are the prime factors of n(-6)?
2, 5
Suppose 0 = -0*c - 3*c - 3*u + 294, 3*c = 5*u + 334. List the prime factors of c.
103
Suppose 0 = 12*q - 4*q - 936. List the prime factors of q.
3, 13
What are the prime factors of ((-2)/4 + 0)/(49/(-5194))?
53
Suppose -2*x + 195 = x. Suppose 5*g = x - 0. What are the prime factors of g?
13
What are the prime factors of (-10)/(-4)*7/(140/1128)?
3, 47
Suppose 0 = 8*i - 3*i - 5*q - 5, -2*i + q = -1. Suppose 0 = -n - i*n + 20. List the prime factors of n.
2, 5
Let b be ((-4)/(-3))/((-2)/(-6)). Suppose 5*p + 24 = b*h, 8 + 4 = 2*h + 5*p. List the prime factors of h.
2, 3
Let r(b) = -22*b + 1. Let i be r(-1). Suppose 2*j - 4*u = 6*j - 72, -j = -4*u - i. What are the prime factors of j?
19
Let s(y) = 6*y**2 - 12*y - 34. List the prime factors of s(10).
2, 223
Let f(v) = v**3 + 8*v**2 + 8*v + 5. Let q be f(-7). What are the prime factors of (-26)/(-7) + q/(-7)?
2
Let d be ((-15)/(-12))/(1/(-4)). Suppose 5*b - 105 = -30. Let u = b + d. List the prime factors of u.
2, 5
Let x(j) = -8*j - 1. What are the prime factors of x(-2)?
3, 5
Let d be (-5)/(-10) + 42/(-4). Let h(j) = j*